it of l?
1
What is the thousands digit of (-1 - 1732/(-28))/((-51)/(-45934))?
4
Suppose -197*m - 86590 = -211*m. What is the tens digit of m?
8
Suppose 2520 = 7*t + 3*t. Let w = -169 - -94. Let j = w + t. What is the tens digit of j?
7
Suppose -3*w - 4*t - 2590 = 0, 0 = -4*w - 6*t + 10*t - 3500. What is the thousands digit of ((-39)/5)/((-8694)/w - 10)?
1
Suppose -2*j + 17*u = 22*u + 7, 3*j - 3*u = 42. What is the units digit of 6 - (j - 4) - 3572/(-4)?
4
Let x = 127 - 123. Suppose -i - 1943 = -a - 3*a, -x*a + 5*i + 1955 = 0. What is the tens digit of a?
8
Suppose 5*v - 25 = 5*b, 11 = -b + 10. Suppose -v*d + 6*c + 3272 = 2*c, -c - 1635 = -2*d. What is the hundreds digit of d?
8
Let l(w) = -273*w - 1889. What is the units digit of l(-45)?
6
Let z(d) = -9*d**3 + 3*d**2 - 4. Let r be z(-2). What is the hundreds digit of (-141)/(-2)*(r - 66)?
9
Let h(n) = 3*n - 32. Let i be h(12). Let u be i + (-13 - -15 - (-1 - -4)). Suppose -u*f + 4*w + 196 = -210, -3*f - 3*w + 441 = 0. What is the units digit of f?
2
What is the ten thousands digit of (36766/124)/(2/220)?
3
Suppose 99*t - 232*t + 1968533 = 0. What is the tens digit of t?
0
Let m = -1042 + 3183. Let n = m - 1245. What is the tens digit of n?
9
What is the units digit of ((-27)/(-6) - 4)*((-78)/(-6) - -22233)?
3
Suppose 0 = 2*p - 1861 + 793. Suppose -2*y + p = 4*n - 734, n - 331 = -4*y. What is the hundreds digit of n?
3
Suppose -41 - 415 = -c. Let q = c + -267. What is the tens digit of q?
8
Suppose -18*y - 11984 = -76334. What is the thousands digit of y?
3
What is the thousands digit of ((24/(-27) - -1)*-3)/((-17)/421107)?
8
Suppose -o + 2*o + 5*w - 277 = 0, -4*w - 512 = -2*o. Suppose -7*u - o = -2*g - 3*u, 0 = -4*g - 2*u + 534. What is the units digit of g?
3
Let o = -298 + 306. What is the units digit of (-1)/o*6 + 10533/12?
7
Let v(j) = 42*j**2 + 10*j + 88. What is the thousands digit of v(-10)?
4
Let r(o) = -50*o - 42. Let j(t) = -t - 1. Let s(u) = -8*j(u) - r(u). What is the units digit of s(11)?
8
Suppose 0 = -6*u + 10 + 26. Suppose -u*h - 5*j + 893 = -3*h, 5*h = j + 1479. What is the hundreds digit of h?
2
Let l be (3/(-7))/(72/(-14) - -5). Suppose -4*c + 1188 = 2*m, m - 891 = -l*c + 2*m. Suppose -18*v + c = -15*v. What is the tens digit of v?
9
Let p(b) = 127*b - 374. What is the tens digit of p(72)?
7
Let u be 3/((-6)/4) + 3 - -3. Let b be (-27 - -1)/(u/(-36)*3). Suppose 27 = 5*a - b. What is the units digit of a?
1
What is the tens digit of (2607/474)/((-2485)/(-1242) - 2)?
3
Suppose -63 = 13*p + 2. Let w(u) = -77*u + 52. What is the tens digit of w(p)?
3
What is the units digit of 3 + 3653178/46 - (-70)/805?
0
What is the thousands digit of (-3562)/(-5)*(47/9 + (-40)/180)?
3
Let v = -49 - -53. Suppose 0*w + 5*z = -5*w - 725, 0 = -5*w - v*z - 727. Let q = -64 - w. What is the tens digit of q?
8
Let i = 230 + -232. Let b(u) = -85*u - 21. What is the tens digit of b(i)?
4
Let s = -314 + 2732. What is the units digit of s?
8
Let n(x) = 3050*x + 232. What is the hundreds digit of n(3)?
3
Let h = 12393 - 5418. What is the hundreds digit of h?
9
What is the units digit of -1 + 13931 - (25/(-15))/((-65)/117)?
7
Let t be 3115/(-11) + -2*(-1)/11. Let a = -205 - t. What is the units digit of a?
8
Suppose -5*s = -18020 - 34340. Suppose 2477 + s = 23*p. What is the units digit of p?
3
Let l(y) = -5*y + 866. Let z be l(0). Let a = z - 500. What is the tens digit of a?
6
Suppose -4 = 4*r + 40. What is the hundreds digit of (-6)/20*-2756 - r/55?
8
Let x = -1 - -1. Let w(i) = i**2 + 75*i - 149. Let b be w(2). Suppose -4*k = 2*r - 674, 3*k + b*r - 523 = -x*r. What is the hundreds digit of k?
1
Suppose -2*g = 5*g + 56. Let d be (g/((-48)/9))/(6/8). Suppose 2*m + c + 3*c = 34, d*m = 4*c + 74. What is the tens digit of m?
2
Suppose -1539 = -10*i + 1831. Let z be 7/(-49) + (-1434)/7. Let s = i + z. What is the units digit of s?
2
Let d be 0/(10*2/5 - 3). Suppose 2*w + 2*b - 1486 = d, -447 - 1776 = -3*w - 5*b. What is the units digit of w?
6
Suppose 4*n - 37 + 29 = 0. Suppose n*d = 7*d - 735. Suppose -d = 7*x - 14*x. What is the tens digit of x?
2
Let h = -41 + 44. Suppose -h*v - 2*t = -1672, -2765 = -7*v + 2*v + t. What is the tens digit of v?
5
Suppose 0 = -2*w - 5*l + 1075, -548 = -w + 2*l - l. Let k = -52 + w. Let h = k - 316. What is the hundreds digit of h?
1
Let p(t) = 91*t**2 + 3*t - 18. Let v be p(-4). Suppose -65*x = -67*x + v. What is the tens digit of x?
1
Suppose -15*y + 7 = -23. Suppose 2*f - 3*r - 35 = -y*r, f + 3*r = 21. Let l(q) = q**3 - 17*q**2 - 13*q - 9. What is the units digit of l(f)?
1
What is the tens digit of 1 + 4/(-5) + 1659532/140?
5
What is the hundreds digit of (-20397)/(5/(5 - 10))?
3
Let a(i) be the first derivative of -11*i**4/24 + 49*i**3/6 - 21*i**2 - 31. Let f(g) be the second derivative of a(g). What is the units digit of f(-11)?
0
Let g be ((-6 + 96)/(-5))/((-6)/4). Suppose 4388 = g*y - 8296. What is the thousands digit of y?
1
Let l be 0/(-6) - -2 - -85. Let c = 72 - l. What is the units digit of ((-1784)/(-24))/((c/9)/(-5))?
3
Let m(w) = -w**3 - 14*w**2 - 13*w + 45. Let s be m(-10). Let g = 239 + s. What is the units digit of g?
4
Let k = 10568 + -5681. What is the hundreds digit of k?
8
Suppose -2*p - 36 = -3*g, -20*p + 18*p = 6. What is the thousands digit of (g/(-4))/(6/(-4032))?
1
Suppose -117*b = -118*b - 4*o + 51639, 3*b = -4*o + 154885. What is the ten thousands digit of b?
5
Suppose 2*o - 5*b - 17380 - 51115 = 0, b = -5*o + 171305. What is the thousands digit of o?
4
Suppose 0 = -5*v + 81*v - 2468936. What is the ten thousands digit of v?
3
Let a(q) = -136*q + 89. Let w(l) = -45*l + 30. Let d(s) = 6*a(s) - 17*w(s). What is the tens digit of d(-9)?
8
Suppose -2*k - 4*v + 16 = -6*v, 0 = 4*v + 12. Let h(s) = -2*s + k*s - 7 + s + s**2. What is the tens digit of h(7)?
7
Suppose -16 = -4*g + 24. Suppose -g - 25 = -5*m. Suppose 0 = 4*l + d - 539, m*d - 3 = 6*d. What is the units digit of l?
4
Suppose 0*p = -5*p + 25. Suppose -4*j - 5*m = -p*j + 216, 2*m = 3*j - 674. Suppose 21*y - 19*y - j = 0. What is the tens digit of y?
1
What is the thousands digit of ((-1014)/845)/((-3)/(59265/6))?
3
Suppose -3*o + 4*o = -4*j + 1944, 3867 = 2*o + j. What is the units digit of o?
2
Suppose r + 4*r = 15. Suppose -i - 18 = -3*b, i - 4 = -r*b + 8. Suppose b*l = 4*l + 59. What is the units digit of l?
9
Let f(i) = 3*i**2 - 1. Suppose -9*j + 32 = -13. Suppose -x - j = 2*p, 3*p - 2*p + 1 = 0. What is the units digit of f(x)?
6
Suppose -11*u - 12 = -15*u. Suppose 0*k - 10 = -u*t + k, -5*k = 3*t - 22. Suppose f - t*f = -81. What is the units digit of f?
7
Let s be 6/(-8) - 4956/112. What is the hundreds digit of (-1096)/12*s/10?
4
Suppose -10241 = -5*k + 3*q, -2044 = 9*k - 10*k + 2*q. Suppose -2*n + k = 4*w, -9*n - 485 = -w - 4*n. What is the hundreds digit of w?
5
Suppose 3*r + 56 = 5*p, -r = -4*p - 4*r + 34. Let k(g) = g**2 - g + 2593. Let d be k(0). Suppose -d - 127 = -p*f. What is the tens digit of f?
7
What is the ten thousands digit of (-1000640)/(-48) - 12/18?
2
Let u(r) = 101*r**2 - 58*r + 269. What is the ten thousands digit of u(18)?
3
Suppose 26*x - 25*x - 17 = 0. What is the units digit of -18 + x - (1 - 74)?
2
Suppose 0 = 4*z - u - 155, -3*u + 0*u + 181 = 5*z. Suppose -j = -z - 22. Suppose 4*g - 2*m - 128 = g, 5*m = g - j. What is the units digit of g?
0
Let c = 11173 - 5684. What is the thousands digit of c?
5
Suppose 6*x - 183 = 249. Let h = 26 - 3. Let r = x - h. What is the units digit of r?
9
Let a = -11703 + 6101. What is the tens digit of (-489)/326 + (a/4)/(-1)?
9
Suppose 0 = 69*s - 273*s + 3*s + 6030000. What is the tens digit of s?
0
Suppose 1138*u = 1111*u + 197721. What is the tens digit of u?
2
Suppose 2*k + 53*n = 58*n + 47194, 2*k + 4*n - 47158 = 0. What is the ten thousands digit of k?
2
What is the hundreds digit of 24 + 2037015/243 - (-2)/9?
4
Let v be 9/((-135)/6)*-320. Suppose -22 + v = 2*d. Suppose -l + d = t - 5*l, -3*l = 0. What is the units digit of t?
3
Suppose 2 = -2*m + 40. Let f = m + -46. What is the units digit of (-6)/f - (-439)/9?
9
Let h be -16*((-1 - -1) + 4/(-8)). Let w(c) = -3*c + 10 + c**2 - h*c + 0*c**2 + 3*c. What is the tens digit of w(8)?
1
Let w(k) = 3*k**3 - 7*k**2 + 25*k - 300. What is the units digit of w(9)?
5
Let m(n) = -